{"id":311,"date":"2024-06-27T09:53:51","date_gmt":"2024-06-27T07:53:51","guid":{"rendered":"https:\/\/vigorous-meitner.89-188-72-178.plesk.page.linux213.curanetserver.dk\/?page_id=311"},"modified":"2025-10-28T11:31:27","modified_gmt":"2025-10-28T10:31:27","slug":"erhverv","status":"publish","type":"page","link":"https:\/\/vigorous-meitner.89-188-72-178.plesk.page\/?page_id=311","title":{"rendered":"Erhverv"},"content":{"rendered":"\t\t<div data-elementor-type=\"wp-page\" data-elementor-id=\"311\" class=\"elementor elementor-311\" data-elementor-post-type=\"page\">\n\t\t\t\t<header class=\"elementor-element elementor-element-1591f05 e-con-full e-flex e-con e-parent\" data-id=\"1591f05\" data-element_type=\"container\" data-e-type=\"container\">\n\t\t\t\t<div class=\"elementor-element elementor-element-2f146ec img-size elementor-hidden-mobile elementor-widget elementor-widget-image\" data-id=\"2f146ec\" data-element_type=\"widget\" data-e-type=\"widget\" data-widget_type=\"image.default\">\n\t\t\t\t<div class=\"elementor-widget-container\">\n\t\t\t\t\t\t\t\t\t\t\t\t\t\t\t<img loading=\"lazy\" decoding=\"async\" loading=\"lazy\" width=\"1924\" height=\"995\" src=\"https:\/\/vigorous-meitner.89-188-72-178.plesk.page\/wp-content\/uploads\/2024\/10\/B2b_Splash-cut.jpg\" class=\"attachment-full size-full wp-image-1312\" alt=\"\" srcset=\"https:\/\/vigorous-meitner.89-188-72-178.plesk.page\/wp-content\/uploads\/2024\/10\/B2b_Splash-cut.jpg 1924w, https:\/\/vigorous-meitner.89-188-72-178.plesk.page\/wp-content\/uploads\/2024\/10\/B2b_Splash-cut-300x155.jpg 300w, https:\/\/vigorous-meitner.89-188-72-178.plesk.page\/wp-content\/uploads\/2024\/10\/B2b_Splash-cut-1024x530.jpg 1024w, https:\/\/vigorous-meitner.89-188-72-178.plesk.page\/wp-content\/uploads\/2024\/10\/B2b_Splash-cut-768x397.jpg 768w, https:\/\/vigorous-meitner.89-188-72-178.plesk.page\/wp-content\/uploads\/2024\/10\/B2b_Splash-cut-1536x794.jpg 1536w\" sizes=\"auto, (max-width: 1924px) 100vw, 1924px\" \/>\t\t\t\t\t\t\t\t\t\t\t\t\t\t\t<\/div>\n\t\t\t\t<\/div>\n\t\t\t\t<div class=\"elementor-element elementor-element-578bd6d img-size elementor-hidden-desktop elementor-hidden-tablet elementor-widget elementor-widget-image\" data-id=\"578bd6d\" data-element_type=\"widget\" data-e-type=\"widget\" data-widget_type=\"image.default\">\n\t\t\t\t<div class=\"elementor-widget-container\">\n\t\t\t\t\t\t\t\t\t\t\t\t\t\t\t<img loading=\"lazy\" decoding=\"async\" loading=\"lazy\" width=\"800\" height=\"1410\" src=\"https:\/\/vigorous-meitner.89-188-72-178.plesk.page\/wp-content\/uploads\/2024\/06\/B2b_Splash-mobile.jpg\" class=\"attachment-full size-full wp-image-313\" alt=\"\" srcset=\"https:\/\/vigorous-meitner.89-188-72-178.plesk.page\/wp-content\/uploads\/2024\/06\/B2b_Splash-mobile.jpg 800w, https:\/\/vigorous-meitner.89-188-72-178.plesk.page\/wp-content\/uploads\/2024\/06\/B2b_Splash-mobile-170x300.jpg 170w, https:\/\/vigorous-meitner.89-188-72-178.plesk.page\/wp-content\/uploads\/2024\/06\/B2b_Splash-mobile-581x1024.jpg 581w, https:\/\/vigorous-meitner.89-188-72-178.plesk.page\/wp-content\/uploads\/2024\/06\/B2b_Splash-mobile-768x1354.jpg 768w\" sizes=\"auto, (max-width: 800px) 100vw, 800px\" \/>\t\t\t\t\t\t\t\t\t\t\t\t\t\t\t<\/div>\n\t\t\t\t<\/div>\n\t\t<section class=\"elementor-element elementor-element-eaead32 e-con-full e-flex e-con e-child\" data-id=\"eaead32\" data-element_type=\"container\" data-e-type=\"container\" data-settings=\"{&quot;position&quot;:&quot;absolute&quot;}\">\n\t\t<article class=\"elementor-element elementor-element-9ac01e4 e-con-full e-flex e-con e-child\" data-id=\"9ac01e4\" data-element_type=\"container\" data-e-type=\"container\">\n\t\t\t\t<div class=\"elementor-element elementor-element-1e4032d elementor-widget elementor-widget-heading\" data-id=\"1e4032d\" data-element_type=\"widget\" data-e-type=\"widget\" data-widget_type=\"heading.default\">\n\t\t\t\t<div class=\"elementor-widget-container\">\n\t\t\t\t\t<h1 class=\"elementor-heading-title elementor-size-default\">B2B<\/h1>\t\t\t\t<\/div>\n\t\t\t\t<\/div>\n\t\t\t\t<div class=\"elementor-element elementor-element-1ad31f3 elementor-widget elementor-widget-text-editor\" data-id=\"1ad31f3\" data-element_type=\"widget\" data-e-type=\"widget\" data-widget_type=\"text-editor.default\">\n\t\t\t\t<div class=\"elementor-widget-container\">\n\t\t\t\t\t\t\t\t\t<p>Vi har stor ekspertise inden for fedtstoffer og olier, og leverer produkter til b\u00e5de bageri og industri i mere end 25 lande.<\/p>\t\t\t\t\t\t\t\t<\/div>\n\t\t\t\t<\/div>\n\t\t\t\t<\/article>\n\t\t<div class=\"elementor-element elementor-element-fcee11f e-con-full e-flex e-con e-child\" data-id=\"fcee11f\" data-element_type=\"container\" data-e-type=\"container\">\n\t\t\t\t<\/div>\n\t\t\t\t<\/section>\n\t\t\t\t<\/header>\n\t\t<main class=\"elementor-element elementor-element-436485c e-con-full e-flex e-con e-parent\" data-id=\"436485c\" data-element_type=\"container\" data-e-type=\"container\" data-settings=\"{&quot;background_background&quot;:&quot;classic&quot;}\">\n\t\t<article class=\"elementor-element elementor-element-46c5ba1 e-con-full bg-dark e-flex e-con e-child\" data-id=\"46c5ba1\" data-element_type=\"container\" data-e-type=\"container\" data-settings=\"{&quot;background_background&quot;:&quot;classic&quot;}\">\n\t\t\t\t<div class=\"elementor-element elementor-element-1a6d283 clr-white elementor-widget elementor-widget-heading\" data-id=\"1a6d283\" data-element_type=\"widget\" data-e-type=\"widget\" data-widget_type=\"heading.default\">\n\t\t\t\t<div class=\"elementor-widget-container\">\n\t\t\t\t\t<h2 class=\"elementor-heading-title elementor-size-default\">Industri<\/h2>\t\t\t\t<\/div>\n\t\t\t\t<\/div>\n\t\t\t\t<div class=\"elementor-element elementor-element-d2c98d1 clr-white elementor-widget elementor-widget-text-editor\" data-id=\"d2c98d1\" data-element_type=\"widget\" data-e-type=\"widget\" data-widget_type=\"text-editor.default\">\n\t\t\t\t<div class=\"elementor-widget-container\">\n\t\t\t\t\t\t\t\t\t<p>Vi arbejder t\u00e6t sammen med vores kunder og producerer planteolier og hybridprodukter efter jeres specifikke krav og behov. Vi har fokus p\u00e5 smag, kvalitet og pris, samt l\u00f8sninger, der reducerer CO2-aftrykket sammenlignet med animalske alternativer.<\/p>\t\t\t\t\t\t\t\t<\/div>\n\t\t\t\t<\/div>\n\t\t\t\t<div class=\"elementor-element elementor-element-14902fa elementor-widget elementor-widget-button\" data-id=\"14902fa\" data-element_type=\"widget\" data-e-type=\"widget\" data-widget_type=\"button.default\">\n\t\t\t\t<div class=\"elementor-widget-container\">\n\t\t\t\t\t\t\t\t\t<div class=\"elementor-button-wrapper\">\n\t\t\t\t\t<a class=\"elementor-button elementor-button-link elementor-size-sm\" href=\"\/kontakt\/\">\n\t\t\t\t\t\t<span class=\"elementor-button-content-wrapper\">\n\t\t\t\t\t\t\t\t\t<span class=\"elementor-button-text\">Kontakt os<\/span>\n\t\t\t\t\t<\/span>\n\t\t\t\t\t<\/a>\n\t\t\t\t<\/div>\n\t\t\t\t\t\t\t\t<\/div>\n\t\t\t\t<\/div>\n\t\t\t\t<\/article>\n\t\t<aside class=\"elementor-element elementor-element-2c3205c e-con-full e-flex e-con e-child\" data-id=\"2c3205c\" data-element_type=\"container\" data-e-type=\"container\">\n\t\t\t\t<div class=\"elementor-element elementor-element-e2062a3 img-width elementor-widget elementor-widget-image\" data-id=\"e2062a3\" data-element_type=\"widget\" data-e-type=\"widget\" data-widget_type=\"image.default\">\n\t\t\t\t<div class=\"elementor-widget-container\">\n\t\t\t\t\t\t\t\t\t\t\t\t\t\t\t<img loading=\"lazy\" decoding=\"async\" loading=\"lazy\" width=\"962\" height=\"802\" src=\"https:\/\/vigorous-meitner.89-188-72-178.plesk.page\/wp-content\/uploads\/2024\/06\/Industry.jpg\" class=\"attachment-full size-full wp-image-317\" alt=\"\" srcset=\"https:\/\/vigorous-meitner.89-188-72-178.plesk.page\/wp-content\/uploads\/2024\/06\/Industry.jpg 962w, https:\/\/vigorous-meitner.89-188-72-178.plesk.page\/wp-content\/uploads\/2024\/06\/Industry-300x250.jpg 300w, https:\/\/vigorous-meitner.89-188-72-178.plesk.page\/wp-content\/uploads\/2024\/06\/Industry-768x640.jpg 768w\" sizes=\"auto, (max-width: 962px) 100vw, 962px\" \/>\t\t\t\t\t\t\t\t\t\t\t\t\t\t\t<\/div>\n\t\t\t\t<\/div>\n\t\t\t\t<\/aside>\n\t\t\t\t<\/main>\n\t\t<section class=\"elementor-element elementor-element-9749b55 e-con-full e-flex e-con e-parent\" data-id=\"9749b55\" data-element_type=\"container\" data-e-type=\"container\" data-settings=\"{&quot;background_background&quot;:&quot;classic&quot;}\">\n\t\t<aside class=\"elementor-element elementor-element-1baa5a9 e-con-full e-flex e-con e-child\" data-id=\"1baa5a9\" data-element_type=\"container\" data-e-type=\"container\">\n\t\t\t\t<div class=\"elementor-element elementor-element-2fe0d0c elementor-widget elementor-widget-image\" data-id=\"2fe0d0c\" data-element_type=\"widget\" data-e-type=\"widget\" data-widget_type=\"image.default\">\n\t\t\t\t<div class=\"elementor-widget-container\">\n\t\t\t\t\t\t\t\t\t\t\t\t\t\t\t<img loading=\"lazy\" decoding=\"async\" loading=\"lazy\" width=\"962\" height=\"915\" src=\"https:\/\/vigorous-meitner.89-188-72-178.plesk.page\/wp-content\/uploads\/2024\/06\/Naturli1342.jpg\" class=\"attachment-full size-full wp-image-319\" alt=\"\" srcset=\"https:\/\/vigorous-meitner.89-188-72-178.plesk.page\/wp-content\/uploads\/2024\/06\/Naturli1342.jpg 962w, https:\/\/vigorous-meitner.89-188-72-178.plesk.page\/wp-content\/uploads\/2024\/06\/Naturli1342-300x285.jpg 300w, https:\/\/vigorous-meitner.89-188-72-178.plesk.page\/wp-content\/uploads\/2024\/06\/Naturli1342-768x730.jpg 768w\" sizes=\"auto, (max-width: 962px) 100vw, 962px\" \/>\t\t\t\t\t\t\t\t\t\t\t\t\t\t\t<\/div>\n\t\t\t\t<\/div>\n\t\t\t\t<\/aside>\n\t\t<article class=\"elementor-element elementor-element-33af791 e-con-full e-flex e-con e-child\" data-id=\"33af791\" data-element_type=\"container\" data-e-type=\"container\" data-settings=\"{&quot;background_background&quot;:&quot;classic&quot;}\">\n\t\t\t\t<div class=\"elementor-element elementor-element-026e798 elementor-widget elementor-widget-heading\" data-id=\"026e798\" data-element_type=\"widget\" data-e-type=\"widget\" data-widget_type=\"heading.default\">\n\t\t\t\t<div class=\"elementor-widget-container\">\n\t\t\t\t\t<h2 class=\"elementor-heading-title elementor-size-default\">Bageri<\/h2>\t\t\t\t<\/div>\n\t\t\t\t<\/div>\n\t\t\t\t<div class=\"elementor-element elementor-element-500b0cf elementor-widget elementor-widget-text-editor\" data-id=\"500b0cf\" data-element_type=\"widget\" data-e-type=\"widget\" data-widget_type=\"text-editor.default\">\n\t\t\t\t<div class=\"elementor-widget-container\">\n\t\t\t\t\t\t\t\t\t<p>Vores innovationsteam best\u00e5r af eksperter fra bagerbranchen, som bedst forst\u00e5r, hvad professionelle bagere har brug for, for at opn\u00e5 succes. Med fokus p\u00e5 kvalitet og innovation hj\u00e6lper vi bagere med at n\u00e5 nye h\u00f8jder med deres produkter!<\/p>\t\t\t\t\t\t\t\t<\/div>\n\t\t\t\t<\/div>\n\t\t\t\t<div class=\"elementor-element elementor-element-a6971aa elementor-widget elementor-widget-button\" data-id=\"a6971aa\" data-element_type=\"widget\" data-e-type=\"widget\" data-widget_type=\"button.default\">\n\t\t\t\t<div class=\"elementor-widget-container\">\n\t\t\t\t\t\t\t\t\t<div class=\"elementor-button-wrapper\">\n\t\t\t\t\t<a class=\"elementor-button elementor-button-link elementor-size-sm\" href=\"\/kontakt\/\">\n\t\t\t\t\t\t<span class=\"elementor-button-content-wrapper\">\n\t\t\t\t\t\t\t\t\t<span class=\"elementor-button-text\">Kontakt os<\/span>\n\t\t\t\t\t<\/span>\n\t\t\t\t\t<\/a>\n\t\t\t\t<\/div>\n\t\t\t\t\t\t\t\t<\/div>\n\t\t\t\t<\/div>\n\t\t\t\t<\/article>\n\t\t\t\t<\/section>\n\t\t<section class=\"elementor-element elementor-element-1ebf6f5 e-con-full e-flex e-con e-parent\" data-id=\"1ebf6f5\" data-element_type=\"container\" data-e-type=\"container\" data-settings=\"{&quot;background_background&quot;:&quot;classic&quot;}\">\n\t\t<article class=\"elementor-element elementor-element-8b37e9a e-con-full bg-dark e-flex e-con e-child\" data-id=\"8b37e9a\" data-element_type=\"container\" data-e-type=\"container\" data-settings=\"{&quot;background_background&quot;:&quot;classic&quot;}\">\n\t\t\t\t<div class=\"elementor-element elementor-element-0e8fab3 clr-white elementor-widget elementor-widget-heading\" data-id=\"0e8fab3\" data-element_type=\"widget\" data-e-type=\"widget\" data-widget_type=\"heading.default\">\n\t\t\t\t<div class=\"elementor-widget-container\">\n\t\t\t\t\t<h2 class=\"elementor-heading-title elementor-size-default\">Foodservice<\/h2>\t\t\t\t<\/div>\n\t\t\t\t<\/div>\n\t\t\t\t<div class=\"elementor-element elementor-element-a0ab6c4 clr-white elementor-widget elementor-widget-text-editor\" data-id=\"a0ab6c4\" data-element_type=\"widget\" data-e-type=\"widget\" data-widget_type=\"text-editor.default\">\n\t\t\t\t<div class=\"elementor-widget-container\">\n\t\t\t\t\t\t\t\t\t<p><span style=\"font-weight: 400;\">Vi har et bredt udvalg af <\/span><span style=\"font-weight: 400;\">plantedrikke<\/span><span style=\"font-weight: 400;\">, planteolier og hybridprodukter til catering, restauranter og institutioner.<\/span><\/p>\t\t\t\t\t\t\t\t<\/div>\n\t\t\t\t<\/div>\n\t\t\t\t<div class=\"elementor-element elementor-element-1177e77 elementor-widget elementor-widget-button\" data-id=\"1177e77\" data-element_type=\"widget\" data-e-type=\"widget\" data-widget_type=\"button.default\">\n\t\t\t\t<div class=\"elementor-widget-container\">\n\t\t\t\t\t\t\t\t\t<div class=\"elementor-button-wrapper\">\n\t\t\t\t\t<a class=\"elementor-button elementor-button-link elementor-size-sm\" href=\"\/foodservice\/\">\n\t\t\t\t\t\t<span class=\"elementor-button-content-wrapper\">\n\t\t\t\t\t\t\t\t\t<span class=\"elementor-button-text\">L\u00e6s mere<\/span>\n\t\t\t\t\t<\/span>\n\t\t\t\t\t<\/a>\n\t\t\t\t<\/div>\n\t\t\t\t\t\t\t\t<\/div>\n\t\t\t\t<\/div>\n\t\t\t\t<\/article>\n\t\t<aside class=\"elementor-element elementor-element-6080c3a e-con-full e-flex e-con e-child\" data-id=\"6080c3a\" data-element_type=\"container\" data-e-type=\"container\">\n\t\t\t\t<div class=\"elementor-element elementor-element-0068ece img-width elementor-widget elementor-widget-image\" data-id=\"0068ece\" data-element_type=\"widget\" data-e-type=\"widget\" data-widget_type=\"image.default\">\n\t\t\t\t<div class=\"elementor-widget-container\">\n\t\t\t\t\t\t\t\t\t\t\t\t\t\t\t<img loading=\"lazy\" decoding=\"async\" loading=\"lazy\" width=\"720\" height=\"600\" src=\"https:\/\/vigorous-meitner.89-188-72-178.plesk.page\/wp-content\/uploads\/2024\/06\/krydderurtemuffins-1.png\" class=\"attachment-full size-full wp-image-320\" alt=\"\" srcset=\"https:\/\/vigorous-meitner.89-188-72-178.plesk.page\/wp-content\/uploads\/2024\/06\/krydderurtemuffins-1.png 720w, https:\/\/vigorous-meitner.89-188-72-178.plesk.page\/wp-content\/uploads\/2024\/06\/krydderurtemuffins-1-300x250.png 300w\" sizes=\"auto, (max-width: 720px) 100vw, 720px\" \/>\t\t\t\t\t\t\t\t\t\t\t\t\t\t\t<\/div>\n\t\t\t\t<\/div>\n\t\t\t\t<\/aside>\n\t\t\t\t<\/section>\n\t\t<section class=\"elementor-element elementor-element-fbe821c e-con-full e-flex e-con e-parent\" data-id=\"fbe821c\" data-element_type=\"container\" data-e-type=\"container\" data-settings=\"{&quot;background_background&quot;:&quot;classic&quot;}\">\n\t\t<article class=\"elementor-element elementor-element-a5cf58d e-con-full e-flex e-con e-child\" data-id=\"a5cf58d\" data-element_type=\"container\" data-e-type=\"container\" data-settings=\"{&quot;background_background&quot;:&quot;classic&quot;}\">\n\t\t\t\t<div class=\"elementor-element elementor-element-4eb1ae2 elementor-widget elementor-widget-heading\" data-id=\"4eb1ae2\" data-element_type=\"widget\" data-e-type=\"widget\" data-widget_type=\"heading.default\">\n\t\t\t\t<div class=\"elementor-widget-container\">\n\t\t\t\t\t<h2 class=\"elementor-heading-title elementor-size-default\">Dragsb\u00e6k produkter<\/h2>\t\t\t\t<\/div>\n\t\t\t\t<\/div>\n\t\t\t\t<div class=\"elementor-element elementor-element-dc72066 elementor-widget elementor-widget-text-editor\" data-id=\"dc72066\" data-element_type=\"widget\" data-e-type=\"widget\" data-widget_type=\"text-editor.default\">\n\t\t\t\t<div class=\"elementor-widget-container\">\n\t\t\t\t\t\t\t\t\t<p>Foruden at skr\u00e6ddersy produkter til vores kunder, har vi ogs\u00e5 udviklet en serie af specialprodukter til industri- og h\u00e5ndv\u00e6rksbagere under vores eget brand, Dragsb\u00e6k.<\/p>\t\t\t\t\t\t\t\t<\/div>\n\t\t\t\t<\/div>\n\t\t<div class=\"elementor-element elementor-element-c544fa4 e-con-full e-flex e-con e-child\" data-id=\"c544fa4\" data-element_type=\"container\" data-e-type=\"container\">\n\t\t\t\t<div class=\"elementor-element elementor-element-e7f614e elementor-widget elementor-widget-button\" data-id=\"e7f614e\" data-element_type=\"widget\" data-e-type=\"widget\" data-widget_type=\"button.default\">\n\t\t\t\t<div class=\"elementor-widget-container\">\n\t\t\t\t\t\t\t\t\t<div class=\"elementor-button-wrapper\">\n\t\t\t\t\t<a class=\"elementor-button elementor-button-link elementor-size-sm\" href=\"\/wp-content\/uploads\/2024\/11\/Dragsbaek-Katalog-2024.pdf\">\n\t\t\t\t\t\t<span class=\"elementor-button-content-wrapper\">\n\t\t\t\t\t\t\t\t\t<span class=\"elementor-button-text\">Alle produkter<\/span>\n\t\t\t\t\t<\/span>\n\t\t\t\t\t<\/a>\n\t\t\t\t<\/div>\n\t\t\t\t\t\t\t\t<\/div>\n\t\t\t\t<\/div>\n\t\t\t\t<div class=\"elementor-element elementor-element-676c92e elementor-widget elementor-widget-button\" data-id=\"676c92e\" data-element_type=\"widget\" data-e-type=\"widget\" data-widget_type=\"button.default\">\n\t\t\t\t<div class=\"elementor-widget-container\">\n\t\t\t\t\t\t\t\t\t<div class=\"elementor-button-wrapper\">\n\t\t\t\t\t<a class=\"elementor-button elementor-button-link elementor-size-sm\" href=\"\/wp-content\/uploads\/2025\/03\/Dragsbaek_Onepager_What-We-Produce_A4_Web_2.pdf\" target=\"_blank\">\n\t\t\t\t\t\t<span class=\"elementor-button-content-wrapper\">\n\t\t\t\t\t\t\t\t\t<span class=\"elementor-button-text\">Vores formater<\/span>\n\t\t\t\t\t<\/span>\n\t\t\t\t\t<\/a>\n\t\t\t\t<\/div>\n\t\t\t\t\t\t\t\t<\/div>\n\t\t\t\t<\/div>\n\t\t\t\t<\/div>\n\t\t\t\t<\/article>\n\t\t<aside class=\"elementor-element elementor-element-34040c6 e-con-full e-flex e-con e-child\" data-id=\"34040c6\" data-element_type=\"container\" data-e-type=\"container\">\n\t\t\t\t<div class=\"elementor-element elementor-element-a47dcc9 img-width elementor-widget elementor-widget-image\" data-id=\"a47dcc9\" data-element_type=\"widget\" data-e-type=\"widget\" data-widget_type=\"image.default\">\n\t\t\t\t<div class=\"elementor-widget-container\">\n\t\t\t\t\t\t\t\t\t\t\t\t\t\t\t<img loading=\"lazy\" decoding=\"async\" loading=\"lazy\" width=\"962\" height=\"694\" src=\"https:\/\/vigorous-meitner.89-188-72-178.plesk.page\/wp-content\/uploads\/2024\/06\/Butter_Blend_40\ufffd_1.png\" class=\"attachment-full size-full wp-image-321\" alt=\"\" srcset=\"https:\/\/vigorous-meitner.89-188-72-178.plesk.page\/wp-content\/uploads\/2024\/06\/Butter_Blend_40\ufffd_1.png 962w, https:\/\/vigorous-meitner.89-188-72-178.plesk.page\/wp-content\/uploads\/2024\/06\/Butter_Blend_40\ufffd_1-300x216.png 300w, https:\/\/vigorous-meitner.89-188-72-178.plesk.page\/wp-content\/uploads\/2024\/06\/Butter_Blend_40\ufffd_1-768x554.png 768w\" sizes=\"auto, (max-width: 962px) 100vw, 962px\" \/>\t\t\t\t\t\t\t\t\t\t\t\t\t\t\t<\/div>\n\t\t\t\t<\/div>\n\t\t\t\t<\/aside>\n\t\t\t\t<\/section>\n\t\t\t\t<\/div>\n\t\t","protected":false},"excerpt":{"rendered":"<p>B2B Vi har stor ekspertise inden for fedtstoffer og olier, og leverer produkter til b\u00e5de bageri og industri i mere end 25 lande. Industri Vi arbejder t\u00e6t sammen med vores kunder og producerer planteolier og hybridprodukter efter jeres specifikke krav og behov. Vi har fokus p\u00e5 smag, kvalitet og pris, samt l\u00f8sninger, der reducerer CO2-aftrykket [&hellip;]<\/p>\n","protected":false},"author":2,"featured_media":0,"parent":0,"menu_order":0,"comment_status":"closed","ping_status":"closed","template":"","meta":{"_acf_changed":false,"inline_featured_image":false,"footnotes":""},"class_list":["post-311","page","type-page","status-publish","hentry"],"acf":[],"_links":{"self":[{"href":"https:\/\/vigorous-meitner.89-188-72-178.plesk.page\/index.php?rest_route=\/wp\/v2\/pages\/311","targetHints":{"allow":["GET"]}}],"collection":[{"href":"https:\/\/vigorous-meitner.89-188-72-178.plesk.page\/index.php?rest_route=\/wp\/v2\/pages"}],"about":[{"href":"https:\/\/vigorous-meitner.89-188-72-178.plesk.page\/index.php?rest_route=\/wp\/v2\/types\/page"}],"author":[{"embeddable":true,"href":"https:\/\/vigorous-meitner.89-188-72-178.plesk.page\/index.php?rest_route=\/wp\/v2\/users\/2"}],"replies":[{"embeddable":true,"href":"https:\/\/vigorous-meitner.89-188-72-178.plesk.page\/index.php?rest_route=%2Fwp%2Fv2%2Fcomments&post=311"}],"version-history":[{"count":11,"href":"https:\/\/vigorous-meitner.89-188-72-178.plesk.page\/index.php?rest_route=\/wp\/v2\/pages\/311\/revisions"}],"predecessor-version":[{"id":5194,"href":"https:\/\/vigorous-meitner.89-188-72-178.plesk.page\/index.php?rest_route=\/wp\/v2\/pages\/311\/revisions\/5194"}],"wp:attachment":[{"href":"https:\/\/vigorous-meitner.89-188-72-178.plesk.page\/index.php?rest_route=%2Fwp%2Fv2%2Fmedia&parent=311"}],"curies":[{"name":"wp","href":"https:\/\/api.w.org\/{rel}","templated":true}]}}